{"id":19116,"date":"2025-03-27T14:53:48","date_gmt":"2025-03-27T13:53:48","guid":{"rendered":"https:\/\/www.aitertc.it\/web\/?post_type=dt_team&#038;p=19116"},"modified":"2025-10-21T17:49:58","modified_gmt":"2025-10-21T16:49:58","slug":"daniela-artesani","status":"publish","type":"dt_team","link":"https:\/\/www.aitertc.it\/web\/dt_team\/daniela-artesani\/","title":{"rendered":"Daniela Artesani"},"content":{"rendered":"\t\t<div data-elementor-type=\"wp-post\" data-elementor-id=\"19116\" class=\"elementor elementor-19116\" data-elementor-post-type=\"dt_team\">\n\t\t\t\t\t\t<section class=\"elementor-section elementor-top-section elementor-element elementor-element-587491cf elementor-section-boxed elementor-section-height-default elementor-section-height-default\" data-id=\"587491cf\" data-element_type=\"section\" data-e-type=\"section\">\n\t\t\t\t\t\t<div class=\"elementor-container elementor-column-gap-default\">\n\t\t\t\t\t<div class=\"elementor-column elementor-col-100 elementor-top-column elementor-element elementor-element-c5fd10c\" data-id=\"c5fd10c\" data-element_type=\"column\" data-e-type=\"column\">\n\t\t\t<div class=\"elementor-widget-wrap elementor-element-populated\">\n\t\t\t\t\t\t<div class=\"elementor-element elementor-element-1be910e7 elementor-widget elementor-widget-text-editor\" data-id=\"1be910e7\" data-element_type=\"widget\" data-e-type=\"widget\" data-widget_type=\"text-editor.default\">\n\t\t\t\t<div class=\"elementor-widget-container\">\n\t\t\t\t\t\t\t\t\t\n<figure class=\"wp-block-pullquote has-text-align-left\">\n<blockquote>\n<p><strong>Comitato Scientifico 2025-2029<\/strong><\/p>\n<cite><strong>Sezioni:<\/strong><br \/><strong>&#8211; Distretto Neuroradiologico, Odontostomatologico e Capo-collo<\/strong><br \/><strong>&#8211; Distretto Osteoarticolare e Toraco-Addominale<\/strong><br \/><strong>&#8211; Radiologia Pediatrica (vice referente)<\/strong><\/cite><\/blockquote>\n<\/figure>\n\n<p>\u00a0<\/p>\n<p><!-- \/wp:paragraph --><!-- wp:paragraph --><\/p>\n<p>TSRM presso il Dipartimento di Diagnostica per Immagini dell\u2019ASST Grande Ospedale Metropolitano (GOM) Niguarda. Ha conseguito la laurea triennale presso l\u2019Universit\u00e0 Statale di Milano nel 2001 e successivamente la laurea magistrale presso lo stesso istituto nel 2022.<\/p>\n<p><!-- \/wp:paragraph --><!-- wp:paragraph --><\/p>\n<p>Durante la sua carriera professionale, ha lavorato presso Enti Pubblici e Convenzionati, acquisendo esperienza in diversi ambiti della diagnostica per immagini.<\/p>\n<p><!-- \/wp:paragraph --><!-- wp:paragraph --><\/p>\n<p>Attualmente, la sua attivit\u00e0 si concentra prevalentemente nell\u2019ambito dell\u2019urgenza ed emergenza, dove ha sviluppato ottime competenze nella gestione della diagnostica su pazienti critici. Parallelamente all\u2019attivit\u00e0 clinica, \u00e8 coinvolta in diversi progetti aziendali. \u00c8 stata TSRM di riferimento nel Gruppo di Miglioramento del Trauma Maggiore e attualmente ricopre il ruolo di rappresentante professionale per lo stesso gruppo, con un focus specifico sul paziente pediatrico. Inoltre, \u00e8 Team Leader nel Core tematico dedicato al percorso diagnostico del PDTA strategico aziendale per il paziente pediatrico con Trauma Maggiore.<\/p>\n<p><!-- \/wp:paragraph --><!-- wp:paragraph --><\/p>\n<p>Svolge attivit\u00e0 accademica come Cultore della Materia e mantiene un impegno costante in tutte le iniziative volte all\u2019approfondimento scientifico relativo alla professione. Condivide pienamente la filosofia di AITeRTC, poich\u00e9 crede profondamente nel valore della conoscenza e della consapevolezza.<\/p>\n<p><!-- \/wp:paragraph --><\/p>\t\t\t\t\t\t\t\t<\/div>\n\t\t\t\t<\/div>\n\t\t\t\t\t<\/div>\n\t\t<\/div>\n\t\t\t\t\t<\/div>\n\t\t<\/section>\n\t\t\t\t<\/div>\n\t\t","protected":false},"excerpt":{"rendered":"<p>Comitato Scientifico 2025-2029 Sezioni:&#8211; Distretto Neuroradiologico, Odontostomatologico e Capo-collo&#8211; Distretto Osteoarticolare e Toraco-Addominale&#8211; Radiologia Pediatrica (vice referente) \u00a0 TSRM presso il Dipartimento di Diagnostica per Immagini dell\u2019ASST Grande Ospedale Metropolitano&hellip;<\/p>\n","protected":false},"featured_media":19117,"comment_status":"closed","ping_status":"closed","template":"","dt_team_category":[21,630,631,635],"class_list":["post-19116","dt_team","type-dt_team","status-publish","has-post-thumbnail","hentry","dt_team_category-scientifico","dt_team_category-gruppo-distretto-neuroradiologico-odontostomatologico-e-capo-collo","dt_team_category-gruppo-distretto-osteoarticolare-e-toraco-addominale","dt_team_category-gruppo-radiologia-pediatrica"],"_links":{"self":[{"href":"https:\/\/www.aitertc.it\/web\/wp-json\/wp\/v2\/dt_team\/19116","targetHints":{"allow":["GET"]}}],"collection":[{"href":"https:\/\/www.aitertc.it\/web\/wp-json\/wp\/v2\/dt_team"}],"about":[{"href":"https:\/\/www.aitertc.it\/web\/wp-json\/wp\/v2\/types\/dt_team"}],"replies":[{"embeddable":true,"href":"https:\/\/www.aitertc.it\/web\/wp-json\/wp\/v2\/comments?post=19116"}],"version-history":[{"count":9,"href":"https:\/\/www.aitertc.it\/web\/wp-json\/wp\/v2\/dt_team\/19116\/revisions"}],"predecessor-version":[{"id":20146,"href":"https:\/\/www.aitertc.it\/web\/wp-json\/wp\/v2\/dt_team\/19116\/revisions\/20146"}],"wp:featuredmedia":[{"embeddable":true,"href":"https:\/\/www.aitertc.it\/web\/wp-json\/wp\/v2\/media\/19117"}],"wp:attachment":[{"href":"https:\/\/www.aitertc.it\/web\/wp-json\/wp\/v2\/media?parent=19116"}],"wp:term":[{"taxonomy":"dt_team_category","embeddable":true,"href":"https:\/\/www.aitertc.it\/web\/wp-json\/wp\/v2\/dt_team_category?post=19116"}],"curies":[{"name":"wp","href":"https:\/\/api.w.org\/{rel}","templated":true}]}}

<div data-elementor-type="wp-post" data-elementor-id="19116" class="elementor elementor-19116" data-elementor-post-type="dt_team">
						<section class="elementor-section elementor-top-section elementor-element elementor-element-587491cf elementor-section-boxed elementor-section-height-default elementor-section-height-default" data-id="587491cf" data-element_type="section" data-e-type="section">
						<div class="elementor-container elementor-column-gap-default">
					<div class="elementor-column elementor-col-100 elementor-top-column elementor-element elementor-element-c5fd10c" data-id="c5fd10c" data-element_type="column" data-e-type="column">
			<div class="elementor-widget-wrap elementor-element-populated">
						<div class="elementor-element elementor-element-1be910e7 elementor-widget elementor-widget-text-editor" data-id="1be910e7" data-element_type="widget" data-e-type="widget" data-widget_type="text-editor.default">
				<div class="elementor-widget-container">
									
<figure class="wp-block-pullquote has-text-align-left">
<blockquote>
<p><strong>Comitato Scientifico 2025-2029</strong></p>
<cite><strong>Sezioni:</strong><br /><strong>&#8211; Distretto Neuroradiologico, Odontostomatologico e Capo-collo</strong><br /><strong>&#8211; Distretto Osteoarticolare e Toraco-Addominale</strong><br /><strong>&#8211; Radiologia Pediatrica (vice referente)</strong></cite></blockquote>
</figure>

<p> </p>
<p><!-- /wp:paragraph --><!-- wp:paragraph --></p>
<p>TSRM presso il Dipartimento di Diagnostica per Immagini dell’ASST Grande Ospedale Metropolitano (GOM) Niguarda. Ha conseguito la laurea triennale presso l’Università Statale di Milano nel 2001 e successivamente la laurea magistrale presso lo stesso istituto nel 2022.</p>
<p><!-- /wp:paragraph --><!-- wp:paragraph --></p>
<p>Durante la sua carriera professionale, ha lavorato presso Enti Pubblici e Convenzionati, acquisendo esperienza in diversi ambiti della diagnostica per immagini.</p>
<p><!-- /wp:paragraph --><!-- wp:paragraph --></p>
<p>Attualmente, la sua attività si concentra prevalentemente nell’ambito dell’urgenza ed emergenza, dove ha sviluppato ottime competenze nella gestione della diagnostica su pazienti critici. Parallelamente all’attività clinica, è coinvolta in diversi progetti aziendali. È stata TSRM di riferimento nel Gruppo di Miglioramento del Trauma Maggiore e attualmente ricopre il ruolo di rappresentante professionale per lo stesso gruppo, con un focus specifico sul paziente pediatrico. Inoltre, è Team Leader nel Core tematico dedicato al percorso diagnostico del PDTA strategico aziendale per il paziente pediatrico con Trauma Maggiore.</p>
<p><!-- /wp:paragraph --><!-- wp:paragraph --></p>
<p>Svolge attività accademica come Cultore della Materia e mantiene un impegno costante in tutte le iniziative volte all’approfondimento scientifico relativo alla professione. Condivide pienamente la filosofia di AITeRTC, poiché crede profondamente nel valore della conoscenza e della consapevolezza.</p>
<p><!-- /wp:paragraph --></p>								</div>
				</div>
					</div>
		</div>
					</div>
		</section>
				</div>
